{"id":132,"date":"2021-03-03T23:38:58","date_gmt":"2021-03-03T22:38:58","guid":{"rendered":"https:\/\/cms.ulo.edu.pl\/miroslaw-szuman\/?page_id=132"},"modified":"2021-03-03T23:38:58","modified_gmt":"2021-03-03T22:38:58","slug":"swiat-przedstawiony","status":"publish","type":"page","link":"https:\/\/cms.ulo.edu.pl\/miroslaw-szuman\/swiat-przedstawiony\/","title":{"rendered":"\u015awiat przedstawiony"},"content":{"rendered":"\n<p>Czas akcji: Trzecia Epoka \u015ar\u00f3dziemia (lata 2941 \u2013 2942)<\/p>\n\n\n\n<p>Miejsca akcji\/trasa w\u0119dr\u00f3wki: Hobbiton, gospoda pod ,,Zielonym Smokiem\u2019\u2019,<br>jaskinia trzech trolli, dolina Riwendell, jaskinie goblin\u00f3w, las, dom Beorna, Mroczna Puszcza, pa\u0142ac le\u015bnych elf\u00f3w, Wodna Brama, Miasto na Jeziorze, Samotna G\u00f3ra \u2013Erebor<\/p>\n","protected":false},"excerpt":{"rendered":"<p>Czas akcji: Trzecia Epoka \u015ar\u00f3dziemia (lata 2941 \u2013 2942) Miejsca akcji\/trasa w\u0119dr\u00f3wki: Hobbiton, gospoda pod ,,Zielonym Smokiem\u2019\u2019,jaskinia trzech trolli, dolina Riwendell, jaskinie goblin\u00f3w, las, dom Beorna, Mroczna Puszcza, pa\u0142ac le\u015bnych elf\u00f3w, Wodna Brama, Miasto na Jeziorze, Samotna G\u00f3ra \u2013Erebor<\/p>\n","protected":false},"author":17,"featured_media":0,"parent":0,"menu_order":0,"comment_status":"closed","ping_status":"closed","template":"","meta":{"footnotes":""},"class_list":["post-132","page","type-page","status-publish","hentry"],"_links":{"self":[{"href":"https:\/\/cms.ulo.edu.pl\/miroslaw-szuman\/wp-json\/wp\/v2\/pages\/132","targetHints":{"allow":["GET"]}}],"collection":[{"href":"https:\/\/cms.ulo.edu.pl\/miroslaw-szuman\/wp-json\/wp\/v2\/pages"}],"about":[{"href":"https:\/\/cms.ulo.edu.pl\/miroslaw-szuman\/wp-json\/wp\/v2\/types\/page"}],"author":[{"embeddable":true,"href":"https:\/\/cms.ulo.edu.pl\/miroslaw-szuman\/wp-json\/wp\/v2\/users\/17"}],"replies":[{"embeddable":true,"href":"https:\/\/cms.ulo.edu.pl\/miroslaw-szuman\/wp-json\/wp\/v2\/comments?post=132"}],"version-history":[{"count":1,"href":"https:\/\/cms.ulo.edu.pl\/miroslaw-szuman\/wp-json\/wp\/v2\/pages\/132\/revisions"}],"predecessor-version":[{"id":133,"href":"https:\/\/cms.ulo.edu.pl\/miroslaw-szuman\/wp-json\/wp\/v2\/pages\/132\/revisions\/133"}],"wp:attachment":[{"href":"https:\/\/cms.ulo.edu.pl\/miroslaw-szuman\/wp-json\/wp\/v2\/media?parent=132"}],"curies":[{"name":"wp","href":"https:\/\/api.w.org\/{rel}","templated":true}]}}