{"id":41,"date":"2021-03-15T09:32:57","date_gmt":"2021-03-15T08:32:57","guid":{"rendered":"https:\/\/cms.ulo.edu.pl\/amelia-gras\/?page_id=41"},"modified":"2021-03-15T09:32:57","modified_gmt":"2021-03-15T08:32:57","slug":"tworczosc","status":"publish","type":"page","link":"https:\/\/cms.ulo.edu.pl\/amelia-gras\/tworczosc\/","title":{"rendered":"Tw\u00f3rczo\u015b\u0107"},"content":{"rendered":"\n<p>Adam Mickiewicz debiutowa\u0142\u00a0<em>Zim\u0105 miejsk\u0105\u00a0<\/em>na \u0142amach \u201eTygodnika Wile\u0144skiego\u201d w 1818. Ten najwcze\u015bniejszy okres tw\u00f3rczo\u015bci zwyk\u0142o si\u0119 okre\u015bla\u0107 mianem\u00a0<em>okresu wile\u0144sko-kowie\u0144skiego<\/em>, trwaj\u0105cego do 1824. Pozostawa\u0142 w\u00f3wczas pod znacznym wp\u0142ywem\u00a0Woltera,  kt\u00f3rego t\u0142umaczy\u0142 na j\u0119zyk polski; m\u0142ody poeta g\u0142osi\u0142 sceptycyzm poznawczy, zak\u0142amanie historii i wol\u0119 racjonalnego\u00a0poznania. Wynika z tego, \u017ce osobowo\u015b\u0107 i \u015bwiatopogl\u0105d m\u0142odego Mickiewicza, podobnie zreszt\u0105 jak m\u0142odego\u00a0Juliusza S\u0142wackiego, dorasta\u0142y w uwielbieniu literatury klasycznej. Pr\u00f3cz tego znaczna wi\u0119kszo\u015b\u0107 jego tw\u00f3rczo\u015bci z lat 1818\u20131821 by\u0142a w gruncie rzeczy poetyckim manifestem wci\u0105\u017c na nowo okre\u015blanego\u00a0Towarzystwa Filomatycznego.<\/p>\n\n\n\n<p>W 1820 opublikowa\u0142\u00a0<em>Od\u0119 do m\u0142odo\u015bci\u00a0<\/em>\u2013 utw\u00f3r przynale\u017c\u0105cy jeszcze do poetyki postklasycyzmu, ale wy\u0142amuj\u0105cy si\u0119 z idea\u0142\u00f3w\u00a0o\u015bwiecenia.\u00a0<em>Oda<\/em>\u00a0nawo\u0142ywa\u0142a do czynnej walki, wyra\u017ca\u0142a wiar\u0119 w moc rewolucyjnego przekszta\u0142cania rzeczywisto\u015bci, si\u0142\u0119 m\u0142odo\u015bci i zbiorowo\u015bci. Dzi\u0119ki temu w XIX wieku bywa\u0142a cz\u0119sto \u015bpiewana podczas powsta\u0144 narodowych. Przet\u0142umaczona zosta\u0142a na prawie wszystkie j\u0119zyki europejskie, wywo\u0142uj\u0105c w swoim czasie sporo kontrowersji, np. we Francji. Podobnie idea\u0142y\u00a0<em>ojczyzny, nauki, cnoty<\/em>,\u00a0<em>m\u0119stwa, pracy i zgody<\/em>\u00a0g\u0142osi\u0142a napisana w rok wcze\u015bniej\u00a0oda\u00a0klasyczna\u00a0<em>Hej, rado\u015bci\u0105 oczy b\u0142ysn\u0105<\/em>. Pod koniec roku 1820 drukiem ukaza\u0142 si\u0119 kolejny ze znanych wierszy wczesnego Mickiewicza:\u00a0Pie\u015b\u0144 filaret\u00f3w, kt\u00f3rego tre\u015b\u0107 odnosi\u0142a si\u0119 z rewolucyjnym przes\u0142aniem do wszystkich kr\u0119g\u00f3w\u00a0filareckich\u00a0(filolog\u00f3w, historyk\u00f3w, chemik\u00f3w, matematyk\u00f3w). Pocz\u0105tek utworu by\u0142 na\u015bladownictwem burszowskiej\u00a0pie\u015bni niemieckiej:<em>Hej, u\u017cyjmy \u017cywota!Wszak \u017cyjem tylko raz;Niechaj ta czara z\u0142otaNie pr\u00f3\u017cno wabi nas.<\/em>A. Mickiewicz,\u00a0<em>Pie\u015b\u0144 Filaret\u00f3w<\/em><\/p>\n","protected":false},"excerpt":{"rendered":"<p>Adam Mickiewicz debiutowa\u0142\u00a0Zim\u0105 miejsk\u0105\u00a0na \u0142amach \u201eTygodnika Wile\u0144skiego\u201d w 1818. Ten najwcze\u015bniejszy okres tw\u00f3rczo\u015bci zwyk\u0142o si\u0119 okre\u015bla\u0107 mianem\u00a0okresu wile\u0144sko-kowie\u0144skiego, trwaj\u0105cego do 1824. Pozostawa\u0142 w\u00f3wczas pod znacznym wp\u0142ywem\u00a0Woltera, kt\u00f3rego t\u0142umaczy\u0142 na j\u0119zyk polski; m\u0142ody poeta g\u0142osi\u0142 sceptycyzm poznawczy, zak\u0142amanie historii i wol\u0119 racjonalnego\u00a0poznania. Wynika z tego, \u017ce osobowo\u015b\u0107 i \u015bwiatopogl\u0105d m\u0142odego Mickiewicza, podobnie zreszt\u0105 jak m\u0142odego\u00a0Juliusza S\u0142wackiego,&#8230;<\/p>\n","protected":false},"author":5,"featured_media":0,"parent":0,"menu_order":0,"comment_status":"closed","ping_status":"closed","template":"","meta":{"footnotes":""},"class_list":["post-41","page","type-page","status-publish","hentry"],"_links":{"self":[{"href":"https:\/\/cms.ulo.edu.pl\/amelia-gras\/wp-json\/wp\/v2\/pages\/41","targetHints":{"allow":["GET"]}}],"collection":[{"href":"https:\/\/cms.ulo.edu.pl\/amelia-gras\/wp-json\/wp\/v2\/pages"}],"about":[{"href":"https:\/\/cms.ulo.edu.pl\/amelia-gras\/wp-json\/wp\/v2\/types\/page"}],"author":[{"embeddable":true,"href":"https:\/\/cms.ulo.edu.pl\/amelia-gras\/wp-json\/wp\/v2\/users\/5"}],"replies":[{"embeddable":true,"href":"https:\/\/cms.ulo.edu.pl\/amelia-gras\/wp-json\/wp\/v2\/comments?post=41"}],"version-history":[{"count":1,"href":"https:\/\/cms.ulo.edu.pl\/amelia-gras\/wp-json\/wp\/v2\/pages\/41\/revisions"}],"predecessor-version":[{"id":42,"href":"https:\/\/cms.ulo.edu.pl\/amelia-gras\/wp-json\/wp\/v2\/pages\/41\/revisions\/42"}],"wp:attachment":[{"href":"https:\/\/cms.ulo.edu.pl\/amelia-gras\/wp-json\/wp\/v2\/media?parent=41"}],"curies":[{"name":"wp","href":"https:\/\/api.w.org\/{rel}","templated":true}]}}